. Let j = -55 + d. What is the remainder when 34 is divided by 3/(9/(-6)) - j?
16
Let s = 27 - 31. What is the remainder when 11 is divided by (1/s)/(12/(-336))?
4
Suppose 4*j - 20 = -j. Suppose -4*k = -2*m + 24, -17 - 13 = -j*m - k. Let r(i) = -4*i**3 - 3*i**2 - 3*i - 3. Calculate the remainder when r(-2) is divided by m.
7
Let w(g) = -39 + 4*g + 30 - g + g**2. Calculate the remainder when 24 is divided by w(-6).
6
Let q = 12 + -6. What is the remainder when (-1)/(q/27)*-6 is divided by 15?
12
What is the remainder when -1*(-1)/(-3)*9 + 49 is divided by 4?
2
Suppose -2*o = -2*w + 88, w = -2*o + 6 + 32. Calculate the remainder when 167 is divided by w.
41
Let l = -139 - -221. What is the remainder when l is divided by 28?
26
Suppose 0 = 4*j - 5*h - 65, 0 = -3*h + 8*h - 15. Let m(a) = 17*a + 5. Let q be m(10). Let o = -118 + q. Calculate the remainder when o is divided by j.
17
Calculate the remainder when (15 - 1) + 28/7 is divided by 7.
4
Let m be (-8)/(-5) - (-2)/5. Suppose -k + 4 = -m*q, 0 + 5 = -5*q. Let v = -5 - -7. Calculate the remainder when k is divided by v.
0
Let x = 0 + 23. Suppose -12 = -2*t + 4. Calculate the remainder when x is divided by t.
7
Calculate the remainder when 88 is divided by (-2)/1*(-92)/8.
19
Suppose -128 = -11*n + 7*n. Let p(h) = h**2 - 5. What is the remainder when n is divided by p(4)?
10
Let l(o) = 2*o**3 + 13*o**2 + 3*o - 1. Calculate the remainder when l(-6) is divided by 5.
2
Suppose -n = 2*r - 24, -2*r - 66 = -4*n - 4*r. Calculate the remainder when 21 is divided by n.
7
Suppose -j + z = -z + 121, -5*j - 5*z - 650 = 0. Let w = j - -189. What is the remainder when w is divided by 16?
14
Suppose -3*w = -p - 121 + 31, 2*w = 5*p + 60. Calculate the remainder when w is divided by 11.
8
Let n(q) = q**3 - 9*q**2 + 2*q - 8. Let c be n(9). Calculate the remainder when -2*23/(-4)*2 is divided by 24/c*(-10)/(-3).
7
Let w = 24 + -8. Suppose 3*k - 2*k + 252 = 4*n, -12 = 3*k. Calculate the remainder when n is divided by w.
14
Let h = -56 - -74. Suppose 3*w + 56 = 20. Let s = w + h. What is the remainder when 10 is divided by s?
4
Let w = -40 + 44. Calculate the remainder when w is divided by 1.
0
Let i = 41 + -21. Let g(t) = 6*t**3 + 3*t**2 - 1. Let b be g(2). Calculate the remainder when (b + -1)*(-1 - -2) is divided by i.
18
Let q = -13 + 31. What is the remainder when q is divided by 7?
4
Let l = 0 + 1. Calculate the remainder when l/2 + 174/12 is divided by 4.
3
Let b(s) = -s**3 + 6*s**2 - 4*s - 1. Calculate the remainder when 43 is divided by b(4).
13
Suppose 0 = -4*y + m + 11, 4*m - 15 = -4*y + m. Calculate the remainder when 5 is divided by y.
2
What is the remainder when 51 is divided by 3 + (-2)/((-10)/75)?
15
Let v = 107 - 84. Calculate the remainder when 160 is divided by v.
22
Let v(a) = -2*a**3 - a**2 + 5*a + 8. Calculate the remainder when v(-4) is divided by 34.
32
Let x = -13 - -18. Suppose 6*f - x*f = 10. Calculate the remainder when 29 is divided by f.
9
Let a = 4 + -7. Let s = a + 8. What is the remainder when s is divided by 3?
2
Let y = -15 - 40. Let h = -24 - y. Calculate the remainder when 123 is divided by h.
30
Let h = -147 - -160. What is the remainder when h is divided by 4?
1
Let f(s) = 2*s - 2. Let v be f(3). Suppose -v = -4*k + 2*k. Suppose -k*c = 3*c - 290. Calculate the remainder when c is divided by 20.
18
Suppose -3 = 3*h, -p + 0*p + h + 3 = 0. Let q(r) = 4*r - 3. What is the remainder when q(2) is divided by p?
1
Let h = 36 - 25. Let t = 40 - h. Suppose 3*s = s + 20. What is the remainder when t is divided by s?
9
Let l = 53 - 34. Let b(h) = -3 - 16*h + h - 1. Calculate the remainder when b(-4) is divided by l.
18
Let o = 43 - 26. Let b(a) = 7*a**3 + 3*a**2 - 5*a + 7. Calculate the remainder when b(2) is divided by o.
14
Let z(n) = n - 6. Let m = 5 - 5. Let k be z(m). Calculate the remainder when 2/k - 80/(-6) is divided by 5.
3
Let o(g) = g**3 - 5*g**2 + 4*g + 2. Let p be o(4). Let d(k) = 9*k - 1. Let v be d(2). Suppose -v + p = -3*x. Calculate the remainder when 17 is divided by x.
2
Suppose 45 = 3*s - 0*s. Let x = s - -16. Calculate the remainder when x is divided by 16.
15
Suppose -4*z - 5*a = -59, 0 = 5*z - a - 40 - 41. Suppose -3*j = 4*h + 1 - 19, 3 = h. Suppose 0 = 3*r - j - z. What is the remainder when 16 is divided by r?
4
Let w = 2 + 0. Let t be w/1 - 4/(-4). Suppose -t = 5*b - 23. Calculate the remainder when 7 is divided by b.
3
Suppose n - 4*y - 40 = y, -4*y = 4*n - 64. What is the remainder when 37 is divided by n?
17
Calculate the remainder when 34 is divided by (36/(-10))/(1/(-5)).
16
Suppose 0 - 24 = -4*c. Suppose -w - 2*f - 8 = 0, 3*w - 9 = -f + c*f. Calculate the remainder when 8 is divided by (-10)/w - 2 - 0.
2
Let z(l) = 2 - 3*l - 7 - 3 + l**2. What is the remainder when (5/(-2))/5*-56 is divided by z(6)?
8
Suppose 5*m = 3*r - 68, 7*m - 2*m + 84 = 4*r. Let q = 37 + 24. Calculate the remainder when q is divided by r.
13
Suppose -4*i + f + 204 = 4*f, 4*f = 3*i - 153. What is the remainder when i is divided by 13?
12
Let k(p) = 4*p + 15. What is the remainder when k(5) is divided by (-1 + 34/10)*5?
11
Suppose 116*c + 54 = 125*c. What is the remainder when 42/4*(-8)/(-6) is divided by c?
2
Let b(s) = s**3 + 9*s**2 + 7*s + 8. Calculate the remainder when b(-7) is divided by 15.
12
Let t = 25 + 4. Let n = 50 - 16. Suppose -6 - n = -4*p. What is the remainder when t is divided by p?
9
Let o(l) = l**3 + 9*l**2 + 3*l - 2. What is the remainder when o(-8) is divided by 5?
3
Suppose -4*o - 3*f = -94, -4*f = -2*o - 3*o + 102. Suppose 2*q - o = 44. What is the remainder when q is divided by 1 + (16 - 1) - -1?
16
Suppose 0 = 3*w + 4*o + 17 + 84, -4*o + 7 = -w. Let z = -17 - w. What is the remainder when 27 is divided by z?
7
Let y = 45 + -41. Calculate the remainder when y is divided by 4.
0
Suppose -15 = -4*n + 69. Calculate the remainder when n is divided by 8.
5
Suppose 3*d - 12 = -d. Let g(t) = 0 + d*t**2 - 2 - 2*t - 1. Calculate the remainder when g(-2) is divided by 7.
6
Let w = 79 - 36. What is the remainder when 168 is divided by w?
39
Let r = 12 - -31. Let p(x) = 2*x**2 + 2*x - 1. What is the remainder when r is divided by p(2)?
10
Let v(z) = z**2 - z - 1. Let j = -4 + 3. Calculate the remainder when v(j) is divided by (0/2)/(-2) - -1.
0
Suppose 4*c + 2*w = 176, -3*c + 192 = -4*w + 38. Calculate the remainder when c is divided by 3.
1
Suppose 0 = -r - 16 + 43. Let n = 0 - 0. What is the remainder when r is divided by (-1*2 - n) + 16?
13
Let j(y) be the second derivative of y**5/20 - y**4/4 + 5*y**3/6 - 2*y**2 + 2*y. Calculate the remainder when 31 is divided by j(3).
9
Let l = -1 + -2. Let b be (l/(-2))/((-5)/(-60)). Suppose -z - 7 + b = 0. Calculate the remainder when 32 is divided by z.
10
Suppose -4*j - 40 + 11 = -d, -3*d + 79 = -4*j. Let l = d - 12. Calculate the remainder when 35 is divided by l + (0/(-1) - 1).
11
Suppose -5*f - 2*n = -80, 4*n = 5*f - 41 - 39. Suppose -2*t = -3*y - 45, -5*t + 5*y + 95 = -t. Calculate the remainder when t is divided by f.
14
Suppose 0 = -2*s - 0*s + d + 2, -4*s = d - 16. Suppose s*u = v + 3, 4*v - 9 = 3*u + 15. What is the remainder when 34 is divided by v?
7
Let d = -15 - -18. Suppose -d*m = 3*k - 72, -k + 6 = 5*m - 6. Let b = 20 + -10. What is the remainder when k is divided by b?
7
Suppose -8 = -4*g + u, -5*u + 1 = 2*g - 3. Suppose 8 = 2*m - v, -4 = 8*m - 9*m - v. Calculate the remainder when m is divided by g.
0
Let n(l) = -l**3 + 11*l**2 - 7. What is the remainder when n(10) is divided by 32?
29
Suppose -5*b = 2*d - 58, 5*d = 3*b - 7*b + 60. What is the remainder when 59 is divided by b?
9
Let p = 16 - 10. Let o(v) = -v**2 + 8*v - 5. Let n be o(p). Suppose m = 4*b - 5, 4*b - 5 - n = 0. What is the remainder when 13 is divided by m?
6
What is the remainder when 9 is divided by 8 + 10/(-15)*3?
3
Let m = 4 - 2. Let z(t) = t**2 - 3*t + 7. Let c be z(5). Suppose -c = -m*a - 1. Calculate the remainder when 14 is divided by a.
6
Suppose u + 4*b = -13, 4*u - 5*b = -3*b + 2. Let i be 0 + -91 + (u - 0). Let o = 130 + i. Calculate the remainder when o is divided by 13.
12
Suppose -32 = -2*x - 4*t, -x + 2*x - t - 31 = 0. Let b(c) = c**3 - 4*c**2 + c + 5. What is the remainder when x is divided by b(4)?
8
Let q(r) = r**3 - 2*r**2 + 2.